t is -4 (base 10) in base 2?
-100
What is 43 (base 9) in base 2?
100111
Convert 4 (base 16) to base 13.
4
Convert 2 (base 4) to base 8.
2
22 (base 7) to base 16
10
Convert 14 (base 8) to base 15.
c
What is 3 (base 4) in base 8?
3
73 (base 8) to base 11
54
Convert 29 (base 15) to base 9.
43
What is 1 (base 6) in base 2?
1
83 (base 12) to base 15
69
What is 140 (base 11) in base 12?
119
Convert -11000 (base 2) to base 3.
-220
Convert -3 (base 5) to base 15.
-3
Convert 1001 (base 2) to base 12.
9
Convert 10 (base 2) to base 15.
2
-20 (base 3) to base 11
-6
What is 7 (base 14) in base 2?
111
What is 25 (base 12) in base 5?
104
132 (base 6) to base 10
56
What is -15 (base 16) in base 14?
-17
What is 415 (base 6) in base 9?
182
-5 (base 9) to base 6
-5
What is 30 (base 4) in base 6?
20
0 (base 6) to base 4
0
125 (base 10) to base 7
236
What is 1 (base 16) in base 4?
1
Convert -1c (base 13) to base 15.
-1a
-1323 (base 4) to base 14
-8b
What is -113 (base 4) in base 11?
-21
What is -15 (base 9) in base 4?
-32
Convert -10 (base 2) to base 7.
-2
220 (base 6) to base 12
70
Convert -37 (base 10) to base 6.
-101
What is 1011 (base 2) in base 7?
14
-5 (base 16) to base 8
-5
Convert 1000 (base 4) to base 14.
48
Convert -5 (base 15) to base 10.
-5
Convert 50 (base 15) to base 9.
83
What is 450 (base 6) in base 4?
2232
What is -4 (base 7) in base 13?
-4
Convert -346 (base 10) to base 14.
-1aa
What is -3a (base 13) in base 8?
-61
What is 2 (base 11) in base 5?
2
What is 4 (base 16) in base 3?
11
What is -500 (base 7) in base 2?
-11110101
Convert -23 (base 4) to base 3.
-102
-1011 (base 2) to base 5
-21
What is -6 (base 9) in base 4?
-12
What is -4a (base 13) in base 12?
-52
89 (base 13) to base 10
113
Convert -2 (base 10) to base 13.
-2
Convert -20 (base 14) to base 9.
-31
-12 (base 4) to base 15
-6
Convert -1 (base 13) to base 16.
-1
1 (base 7) to base 2
1
26 (base 10) to base 2
11010
-45 (base 16) to base 3
-2120
Convert -a (base 16) to base 6.
-14
What is -111000 (base 2) in base 8?
-70
What is 5 (base 14) in base 13?
5
-5 (base 8) to base 5
-10
What is 5 (base 9) in base 7?
5
Convert a (base 15) to base 5.
20
Convert 2 (base 13) to base 7.
2
Convert -1 (base 6) to base 9.
-1
Convert 4 (base 14) to base 11.
4
Convert -340 (base 5) to base 13.
-74
Convert 35 (base 8) to base 7.
41
Convert 1 (base 6) to base 14.
1
Convert -20 (base 11) to base 12.
-1a
What is 115 (base 7) in base 13?
49
Convert 8 (base 15) to base 5.
13
523 (base 6) to base 15
d0
What is 12 (base 3) in base 11?
5
Convert -1 (base 2) to base 7.
-1
Convert -14 (base 10) to base 4.
-32
Convert -37 (base 16) to base 3.
-2001
What is -130 (base 6) in base 8?
-66
31 (base 6) to base 8
23
Convert 100 (base 2) to base 6.
4
What is -2 (base 15) in base 12?
-2
2121 (base 4) to base 9
180
Convert -3 (base 4) to base 10.
-3
Convert 4 (base 7) to base 12.
4
What is 110 (base 4) in base 10?
20
Convert 130 (base 5) to base 12.
34
-86 (base 11) to base 9
-114
What is -2 (base 3) in base 9?
-2
16 (base 8) to base 4
32
-112 (base 3) to base 6
-22
Convert 202 (base 5) to base 7.
103
-163 (base 8) to base 9
-137
What is 10 (base 9) in base 16?
9
Convert 20 (base 15) to base 14.
22
-5f (base 16) to base 2
-1011111
Convert 8 (base 11) to base 6.
12
What is -152 (base 10) in base 9?
-178
What is -3 (base 5) in base 7?
-3
What is -1 (base 14) in base 5?
-1
23 (base 9) to base 14
17
Convert -111100 (base 2) to base 13.
-48
21 (base 12) to base 10
25
Convert 9 (base 13) to base 14.
9
141 (base 12) to base 11
166
-24 (base 7) to base 9
-20
Convert -1131 (base 4) to base 14.
-69
-57 (base 11) to base 15
-42
Convert 2 (base 11) to base 13.
2
What is 1 (base 13) in base 15?
1
What is 3 (base 15) in base 12?
3
46 (base 13) to base 8
72
Convert 20 (base 15) to base 14.
22
Convert -30 (base 11) to base 7.
-45
Convert -10011 (base 2) to base 9.
-21
-22 (base 9) to base 3
-202
Convert 1a (base 15) to base 2.
11001
3 (base 11) to base 15
3
What is -115 (base 9) in base 7?
-164
-26 (base 10) to base 5
-101
10 (base 13) to base 2
1101
Convert 0 (base 3) to base 14.
0
What is -5 (base 13) in base 3?
-12
Convert 2 (base 4) to base 6.
2
Convert 111 (base 16) to base 12.
1a9
What is 0 (base 15) in base 2?
0
What is 280 (base 12) in base 5?
3014
5a (base 15) to base 2
1010101
Convert -b (base 13) to base 6.
-15
Convert -118 (base 9) to base 6.
-242
25 (base 10) to base 2
11001
What is 10 (base 10) in base 5?
20
What is -24 (base 8) in base 3?
-202
What is 0 (base 4) in base 13?
0
Convert 225 (base 9) to base 7.
353
-3 (base 13) to base 10
-3
What is 3000 (base 4) in base 8?
300
Convert -32 (base 6) to base 12.
-18
What is 3a (base 15) in base 4?
313
Convert 14 (base 12) to base 11.
15
Convert -10100011 (base 2) to base 9.
-201
What is 523 (base 8) in base 11?
289
Convert -1101011 (base 2) to base 16.
-6b
What is 0 (base 15) in base 14?
0
-21 (base 4) to base 3
-100
Convert c2 (base 14) to base 8.
252
-13a (base 12) to base 6
-514
What is -6 (base 15) in base 12?
-6
Convert 231 (base 4) to base 6.
113
Convert 1 (base 2) to base 4.
1
Convert 5c (base 14) to base 16.
52
What is -1211 (base 3) in base 7?
-100
102 (base 9) to base 2
1010011
Convert 37 (base 11) to base 8.
50
What is -38 (base 9) in base 6?
-55
1 (base 8) to base 11
1
Convert 0 (base 9) to base 10.
0
Convert -5 (base 16) to base 12.
-5
What is 1 (base 14) in base 11?
1
5 (base 6) to base 8
5
Convert -11001110 (base 2) to base 14.
-10a
Convert -2 (base 15) to base 3.
-2
What is -225 (base 6) in base 15?
-5e
-1a (base 14) to base 2
-11000
-71 (base 11) to base 6
-210
Convert -23 (base 4) to base 3.
-102
-2 (base 5) to base 11
-2
120 (base 4) to base 3
220
Convert -3 (base 16) to base 10.
-3
What is 2 (base 8) in base 13?
2
Convert -3a (base 15) to base 3.
-2001
222 (base 3) to base 11
24
What is -2 (base 13) in base 11?
-2
What is -1 (base 15) in base 11?
-1
Convert -6 (base 10) to base 8.
-6
What is -201 (base 3) in base 15?
-14
Convert -11001 (base 2) to base 10.
-25
3 (base 5) to base 14
3
11 (base 2) to base 13
3
2 (base 7) to base 4
2
2 (base 14) to base 12
2
Convert -b (base 12) to base 4.
-23
Convert -62 (base 16) to base 4.
-1202
Convert -202 (base 5) to base 13.
-40
Convert -53 (base 7) to base 16.
-26
What is 0 (base 7) in base 10?
0
-40 (base 8) to base 7
-44
Convert 1 (base 3) to base 2.
1
What is 21020 (base 3) in base 14?
dd
Convert -3 (base 15) to base 13.
-3
Convert -1000 (base 2) to base 8.
-10
What is -21 (base 11) in base 15?
-18
13 (base 11) to base 15
e
What is -10101111 (base 2) in base 4?
-2233
Convert 1 (base 3) to base 16.
1
4 (base 11) to base 5
4
What is 2 (base 5) in base 16?
2
Convert 2 (base 14) to base 2.
10
What is 21 (base 12) in base 9?
27
What is -4 (base 12) in base 9?
-4
What is -28 (base 15) in base 7?
-53
Convert -371 (base 9) to base 5.
-2212
What is -53 (base 8) in base 11?
-3a
Convert 11 (base 14) to base 6.
23
Convert b (base 14) to base 13.
b
Convert -1 (base 9) to base 3.
-1
-1001 (base 2) to base 5
-14
149 (base 13) to base 7
446
Convert -3 (base 15) to base 11.
-3
What is 5 (base 16) in base 2?
101
Convert 0 (base 11) to base 16.
0
10 (base 8) to base 3
22
What is 0 (base 10) in base 6?
0
Convert 9 (base 16) to base 2.
1001
Convert 422 (base 6) to base 16.
9e
Convert 3c (base 14) to base 11.
4a
Convert -2 (base 14) to base 5.
-2
7 (base 8) to base 16
7
4b (base 16) to base 8
113
-100000 (base 2) to base 3
-1012
Convert 10330 (base 4) to base 5.
2231
Convert -1 (base 5) to base 4.
-1
-10110011 (base 2) to base 3
-20122
17 (base 8) to base 5
30
Convert 2 (base 15) to base 14.
2
-1110 (base 2) to base 4
-32
-3 (base 13) to base 8
-3
Convert 32 (base 16) to base 4.
302
What is 50 (base 14) in base 15?
4a
What is 85 (base 9) in base 15?
52
What is 24 (base 6) in base 7?
22
What is 1 (base 14) in base 11?
1
-19 (base 12) to base 11
-1a
-12 (base 11) to base 4
-31
3 (base 8) to base 3
10
What is 203 (base 8) in base 10?
131
Convert -110 (base 2) to base 13.
-6
-11 (base 7) to base 8
-10
What is -3 (base 5) in base 8?
-3
13 (base 12) to base 10
15
What is -12 (base 4) in base 11?
-6
What is 2c (base 13) in base 10?
38
What is -101 (base 3) in base 16?
-a
What is e (base 16) in base 3?
112
What is 0 (base 15) in base 13?
0
200 (base 3